a(h) = -h**2 - 7*h + 10. Let s be a(-8). Suppose 260 = 7*i - s*i. Let v = i - -60. What is the greatest common factor of 14 and v?
14
Suppose -2*d + 6*o - 3 = 3*o, 0 = 2*d - o + 1. Suppose -8*z = -3*z + s - 16, d = 2*s - 2. Calculate the highest common factor of z and 21.
3
Suppose i - 124 = -i. Suppose r - i = 55. Let k be (-1 - 0)*-1 - -12. Calculate the highest common divisor of r and k.
13
Let o be 4/((-8)/5)*-2. Suppose -29 = -o*s - 4. Suppose -11 = s*y - 71. What is the greatest common divisor of y and 132?
12
Let w(s) = s**2 - 14*s - 1. Let v be w(14). Let x be 7/(v + (-24)/(-20)). What is the highest common divisor of x and 5?
5
Let b(s) = 9*s**2 + s + 2. Let c be b(-2). Suppose 168 + 19 = 4*k - 3*a, 239 = 5*k - 2*a. Suppose 3*z - 5 = k. What is the greatest common factor of c and z?
18
Suppose -3*w - o = -14, -2*o + 7*o = 2*w + 19. What is the greatest common divisor of 15 and w?
3
Let u = -12 + 30. What is the highest common factor of u and 162?
18
Let w be 3/((-22)/(-8) + -2). Let r be w/(-6) - (-249)/9. What is the greatest common factor of 108 and r?
27
Let t = 124 + -89. What is the greatest common divisor of 175 and t?
35
Suppose -3*c + 44 = 2*z - c, 0 = -z - 4*c + 22. Calculate the greatest common factor of 22 and z.
22
Suppose -3*i - 2 = -4*i. Suppose -2*j = i*j - 80. Suppose -6*m + 498 = -m + n, -2*m = 5*n - 190. What is the greatest common divisor of m and j?
20
Let a be 8/(-2) + (17 - 2). Calculate the highest common divisor of a and 11.
11
Let v = -8 + 8. Suppose v = -j + 3, 0*k + j - 23 = -4*k. Calculate the highest common factor of 20 and k.
5
Let u be (1 + 0/1)*(31 - 12). What is the highest common factor of u and 76?
19
Suppose 3*d + 15 + 3 = 0. Let c be 20/3 + 4/d. What is the highest common divisor of 66 and c?
6
Suppose j = w + 77, 2*j - 142 = -3*w - 13. Suppose 4*q = -2*b + 96, 4*b - 2*b - 2*q = j. Calculate the greatest common divisor of b and 10.
10
Let s be -1 + 2 + -1 + -2. Let d = s + 5. Let h be (51 - -2) + (-9)/d. Calculate the highest common divisor of h and 10.
10
Suppose -583 + 58 = -25*u. Suppose o + 0*o = 147. Calculate the greatest common factor of o and u.
21
Let h be (8 + -2)*(-1)/(-2). Suppose -103 = -h*q - 34. What is the greatest common factor of q and 69?
23
Let d be (18/8)/((-1)/(-40)). Let r(b) = -4*b**3 + 3*b**2 + 4*b + 2. Let t be r(-2). Let g = t - 20. Calculate the greatest common divisor of g and d.
18
Let y = -11 + 15. Suppose -5*x - 14 = -y*r + 5, 0 = 5*x - 5. What is the highest common factor of r and 6?
6
Let z = 108 + -3. What is the greatest common divisor of z and 21?
21
Suppose -4*h + 9*h = 10. Suppose -36 = -h*t - 4. Calculate the highest common divisor of 8 and t.
8
Let h be (-1)/3 - (-48)/9. Let f = 95 - 187. Let d = -37 - f. Calculate the greatest common divisor of h and d.
5
Let q(p) = -p**2 + 4*p + 8. Let f be q(0). Calculate the highest common factor of f and 2.
2
Let q(y) = -3*y**3 - 5*y**2 - 7*y - 5. Let w be (-398)/8 - 2/8. Let d be (4/(-10))/((-5)/w). Let p be q(d). What is the highest common divisor of p and 15?
15
Let v be 3/(-6) - (-31)/2. Let a(m) = -4*m - 133. Let w be a(-37). What is the greatest common factor of w and v?
15
Let o(r) = -r**2 + 15. Let t be o(0). Let b be ((-4)/(-6))/(2/t). Suppose 5*g - 15 = 2*g. Calculate the highest common divisor of b and g.
5
Let f = 3 - 9. Let z be (-96)/9*f/4. Suppose 3*k - 2*k = 48. Calculate the highest common factor of k and z.
16
Let s = 47 - -1. What is the greatest common factor of 24 and s?
24
Let t(w) = 4*w + 8. Let k be t(6). Calculate the highest common divisor of 16 and k.
16
Let f = 69 + -61. Calculate the highest common divisor of f and 40.
8
Let f(l) = l - 9*l - 41*l - 5. Let p be f(-5). What is the greatest common factor of p and 30?
30
Let a = 41 - 34. Calculate the highest common divisor of a and 21.
7
Let i = 103 - 31. Let t(m) = 2*m - 2*m - 3 + 0*m + 6*m. Let l be t(2). Calculate the highest common divisor of i and l.
9
Let h = 1 + 7. Let v(w) = w - 5. Let q be v(6). Calculate the greatest common factor of q and h.
1
Let o = -4 - -15. Let v be 1/(9/(-5) - -2). Suppose -2*r + 5*y = -110, r - v*y - 165 = -2*r. What is the greatest common factor of o and r?
11
Suppose o = 34 - 10. Let r = -3 + 9. What is the highest common factor of o and r?
6
Let q = 17 + -3. Let y = -91 - -98. What is the highest common divisor of y and q?
7
Suppose 4*z - 9 - 3 = 0. Let d = z + -1. Suppose -d*g + 45 = g. What is the greatest common factor of g and 45?
15
Let c be 4/12 + 323/3. What is the greatest common factor of c and 12?
12
Suppose -2*w + 21 = 1. Let r be 8*-2*(-5)/w. Calculate the highest common divisor of 8 and r.
8
Let s be (-34)/(-1) + -2 + 0. Suppose 3*w = -w + 16. What is the highest common divisor of s and w?
4
Let u be (-7)/(-2)*76/133. Calculate the greatest common factor of 16 and u.
2
Let d(j) = -7*j - 3. Let n be d(-9). What is the greatest common divisor of 24 and n?
12
Let q = -33 + 45. Calculate the greatest common divisor of q and 108.
12
Suppose 0 = -d + 2*d + 3, -3*n - 6 = -d. Let k be (-2)/n + 111/9. What is the highest common factor of k and 91?
13
Let l be 8 - (-9)/(-3) - 2. Suppose -l*p = -19 - 8. What is the greatest common divisor of 3 and p?
3
Let j be (-35)/(-49) + (8/(-14))/(-2). What is the highest common factor of 9 and j?
1
Let a(l) = -2*l**3 + l**2 - l + 3. Let j be a(-2). Let r(g) = 2*g - 7. Let k be r(6). What is the greatest common divisor of j and k?
5
Let w(r) = r**3 - r**2 + r + 60. Let s be w(0). What is the highest common factor of s and 150?
30
Suppose -2*r = -2*g - 14, 5*r + 2*g - g - 5 = 0. Suppose r*h + h - 27 = 0. Suppose -h = -0*q - q. Calculate the highest common divisor of q and 18.
9
Suppose -l + 679 = 3*h, -3*h - 1121 = -8*h + l. What is the highest common divisor of 45 and h?
45
Let f be 6/(-4)*(-12)/2. Let u be (6 + -16)*1/2. Let w = u - -8. Calculate the highest common factor of f and w.
3
Suppose -2*r + 4*k + 124 = 0, -r + 179 = 2*r + k. Suppose -5*g = -7*j + 2*j + 90, -4*g = -j + 27. Calculate the highest common factor of j and r.
15
Let w(f) = f**3 + 3*f**2 - 3*f. Let d be w(2). Let z = 19 - d. Let c be ((-5)/(-3) - 1)*60. What is the greatest common factor of c and z?
5
Suppose g - 4*l - 17 - 3 = 0, 0 = -5*l + 25. Calculate the highest common factor of 10 and g.
10
Let j = 1 - -47. Let f(n) = -n + 6. Let d be 8/(-6)*27/6. Let l be f(d). Calculate the greatest common factor of l and j.
12
Let d = 44 - 0. Let z(i) = 62*i**2 + 6*i - 2. Let n be z(1). Calculate the greatest common divisor of d and n.
22
Suppose -5*h = -i - 60, 4*i = 4*h + 5 - 37. What is the greatest common divisor of h and 65?
13
Let m = 452 - 236. What is the highest common factor of m and 27?
27
Let n be (10/3)/(1/9). Suppose -4*x = -45 + 5. Suppose -y + 5 + x = 0. What is the highest common factor of n and y?
15
Let p be 2*3 + (-7 - -4). Suppose 0 = -p*o + 7*o - 224. Suppose 5*a - 23 = 3*f, 19 = 2*a + 5*f - 15. What is the highest common divisor of a and o?
7
Let x(h) = -h**2 + 8*h + 10. Let l be x(8). Let c(w) = -w**2 + 9*w - 10. Let j be c(7). What is the greatest common factor of l and j?
2
Let u = -1 + 7. Calculate the greatest common factor of 9 and u.
3
Suppose -3*p + 5*t = 8, p - t = 3*t - 5. Let l be p/3 - 50/(-6). Calculate the highest common divisor of l and 16.
8
Suppose 8*l - 3*l = 25. Suppose l*d - 257 = -32. What is the highest common factor of d and 18?
9
Let x(q) = 2*q**2 - 8*q + 8. Let h be 1 - -5*(-4)/(-4). Let t be x(h). Calculate the highest common factor of 16 and t.
16
Suppose 3*w + 4*q - 154 = 0, 5*w - w - 4*q - 168 = 0. What is the greatest common divisor of 92 and w?
46
Let u(f) = -3*f - 4. Let r = -9 - -6. Let h be u(r). Let n be (-364)/(-18) - (-8)/(-36). What is the highest common factor of h and n?
5
Let w = 19 + -34. Let c be (-6)/(-2) + w/(-5). Calculate the highest common factor of c and 15.
3
Let j = -91 - -171. Let r = -109 + 119. Calculate the greatest common factor of r and j.
10
Suppose 15 + 3 = w. What is the highest common factor of 9 and w?
9
Let g be (0 - -3 - -109) + 3. Let j be 2/(-7) + g/35. Calculate the greatest common divisor of j and 21.
3
Let s(a) = 5*a - 5. Let t be (-802)/14 - 12/(-42). Let v be t/(-15) - (-2)/10. Let m be s(v). Calculate the hi